{"id":1659,"date":"2019-03-01T13:54:26","date_gmt":"2019-03-01T16:54:26","guid":{"rendered":"http:\/\/www.fezer.com.br\/fezerEnglish\/?post_type=product&#038;p=1659"},"modified":"2019-03-01T13:56:30","modified_gmt":"2019-03-01T16:56:30","slug":"step-feeder-modelo-sf","status":"publish","type":"product","link":"https:\/\/www.fezer.com.br\/fezerEnglish\/produto\/step-feeder-modelo-sf\/","title":{"rendered":"Step Feeder, modelo &#8220;SF&#8221;"},"content":{"rendered":"<p><strong>A m\u00e1quina \u00e9 composta por dois conjuntos principais:<\/strong><\/p>\n<p><strong>Alimentador\/Unitizador de toras:<\/strong> \u00c9 respons\u00e1vel pelo transporte das toras desde o dep\u00f3sito de toras at\u00e9 o centrador, bem como pela unitiza\u00e7\u00e3o destas toras de modo a garantir que sejam entregues uma a uma no centrador. O alimentador\/unitizador \u00e9 formado por uma \u201cescada fixa\u201d, que \u00e9 respons\u00e1vel pela acomoda\u00e7\u00e3o das toras unitizadas at\u00e9 que sejam posicionadas no centrador e por uma \u201cescada m\u00f3vel\u201d, que \u00e9 respons\u00e1vel pela entrega da tora ao centrador e tamb\u00e9m pelo transporte das toras do deposito at\u00e9 o centrador. O movimento da \u201cescada m\u00f3vel\u201d \u00e9 feito por meio de um cilindro hidr\u00e1ulico, que a desloca em movimento ascendente em rela\u00e7\u00e3o a \u201cescada fixa\u201d. A cada ciclo de movimento da \u201cescada m\u00f3vel\u201d, a tora do degrau mais alto da \u201cescada fixa\u201d \u00e9 entregue ao centrador, as toras dos degraus intermedi\u00e1rios s\u00e3o posicionadas um degrau acima da posi\u00e7\u00e3o onde estavam acomodadas e uma nova tora \u00e9 acomodada no primeiro degrau, trazida do dep\u00f3sito de toras.<\/p>\n<p><strong>Dep\u00f3sito de toras:<\/strong> Este conjunto funciona como um dep\u00f3sito de toras, que ficam estocadas at\u00e9 que entrem no alimentador\/unitizador, o transporte \u00e9 feito por meio de correntes transportadoras apoiadas em guias. A estrutura \u00e9 refor\u00e7ada com vigas em \u201cU\u201d e o movimento das correntes transportadoras \u00e9 feito por um moto-redutor hidr\u00e1ulico acoplado por engrenagens e correntes.<\/p>\n<table border=\"1\" width=\"558\" cellspacing=\"1\" cellpadding=\"1\" align=\"center\">\n<caption><u><strong>Dados T\u00e9cnicos<\/strong><\/u><\/caption>\n<tbody>\n<tr>\n<td>Comprimento m\u00e1ximo da tora:<\/td>\n<td><em>1.400 a 3.300<\/em><\/td>\n<td><em>mm<\/em><\/td>\n<\/tr>\n<tr>\n<td>Di\u00e2metro m\u00e1ximo da tora:<\/td>\n<td><em>at\u00e9 900<\/em><\/td>\n<td><em>mm<\/em><\/td>\n<\/tr>\n<tr>\n<td>Velocidade de transporte no alimentador (escada):<\/td>\n<td><em>12<\/em><\/td>\n<td><em>toras\/min<\/em><\/td>\n<\/tr>\n<\/tbody>\n<\/table>\n","protected":false},"excerpt":{"rendered":"<h3>Step Feeder, modelo &#8220;SF&#8221;<\/h3>\n<p>O &#8220;Step Feeder&#8221; \u00e9 uma m\u00e1quina desenvolvida para trabalhar como transportador\/unitizador de toras, utilizado para o transporte e alimenta\u00e7\u00e3o de um centrador carregador de torno desfolhador e apresenta como grande vantagem a garantia de unitiza\u00e7\u00e3o das toras transportadas e baixa necessidade de manuten\u00e7\u00e3o por apresentar conjuntos simplificados e com poucos componentes m\u00f3veis sendo ainda, de f\u00e1cil opera\u00e7\u00e3o e baixo consumo de pot\u00eancia.<\/p>\n","protected":false},"featured_media":1660,"template":"","meta":[],"_links":{"self":[{"href":"https:\/\/www.fezer.com.br\/fezerEnglish\/wp-json\/wp\/v2\/product\/1659"}],"collection":[{"href":"https:\/\/www.fezer.com.br\/fezerEnglish\/wp-json\/wp\/v2\/product"}],"about":[{"href":"https:\/\/www.fezer.com.br\/fezerEnglish\/wp-json\/wp\/v2\/types\/product"}],"wp:featuredmedia":[{"embeddable":true,"href":"https:\/\/www.fezer.com.br\/fezerEnglish\/wp-json\/wp\/v2\/media\/1660"}],"wp:attachment":[{"href":"https:\/\/www.fezer.com.br\/fezerEnglish\/wp-json\/wp\/v2\/media?parent=1659"}],"curies":[{"name":"wp","href":"https:\/\/api.w.org\/{rel}","templated":true}]}}