{"id":1720,"date":"2019-03-01T14:22:43","date_gmt":"2019-03-01T17:22:43","guid":{"rendered":"http:\/\/www.fezer.com.br\/fezerEnglish\/?post_type=product&#038;p=1720"},"modified":"2019-03-01T15:48:21","modified_gmt":"2019-03-01T18:48:21","slug":"torno-stay-log","status":"publish","type":"product","link":"https:\/\/www.fezer.com.br\/fezerEnglish\/produto\/torno-stay-log\/","title":{"rendered":"Torno Stay Log"},"content":{"rendered":"<p><iframe loading=\"lazy\" src=\"https:\/\/www.youtube.com\/embed\/Cn_802jH6xc\" width=\"560\" height=\"315\" frameborder=\"0\" allowfullscreen=\"allowfullscreen\"><\/iframe><\/p>\n","protected":false},"excerpt":{"rendered":"<h3>Torno Stay Log<\/h3>\n<p>Comprimento de faca de 2.800, 3.400, 3.700 e 4.100mm, 120 cortes\/minuto, barra de fixa\u00e7\u00e3o pneum\u00e1tica ou com chavetas hidr\u00e1ulicas.<\/p>\n","protected":false},"featured_media":1731,"template":"","meta":[],"_links":{"self":[{"href":"https:\/\/www.fezer.com.br\/fezerEnglish\/wp-json\/wp\/v2\/product\/1720"}],"collection":[{"href":"https:\/\/www.fezer.com.br\/fezerEnglish\/wp-json\/wp\/v2\/product"}],"about":[{"href":"https:\/\/www.fezer.com.br\/fezerEnglish\/wp-json\/wp\/v2\/types\/product"}],"wp:featuredmedia":[{"embeddable":true,"href":"https:\/\/www.fezer.com.br\/fezerEnglish\/wp-json\/wp\/v2\/media\/1731"}],"wp:attachment":[{"href":"https:\/\/www.fezer.com.br\/fezerEnglish\/wp-json\/wp\/v2\/media?parent=1720"}],"curies":[{"name":"wp","href":"https:\/\/api.w.org\/{rel}","templated":true}]}}