{"id":1888,"date":"2019-03-01T15:21:18","date_gmt":"2019-03-01T18:21:18","guid":{"rendered":"http:\/\/www.fezer.com.br\/fezerEnglish\/?post_type=product&#038;p=1888"},"modified":"2019-03-01T15:21:18","modified_gmt":"2019-03-01T18:21:18","slug":"secadores-modelo-psb","status":"publish","type":"product","link":"https:\/\/www.fezer.com.br\/fezerEnglish\/produto\/secadores-modelo-psb\/","title":{"rendered":"Secadores Modelo PSB"},"content":{"rendered":"<p><iframe loading=\"lazy\" src=\"https:\/\/www.youtube.com\/embed\/K4dGC3dNCuY\" width=\"560\" height=\"315\" frameborder=\"0\" allowfullscreen=\"allowfullscreen\"><\/iframe><\/p>\n","protected":false},"excerpt":{"rendered":"<h3>Secadores Modelo PSB<\/h3>\n<p>Secadores modelo PSB tipo press dryer com configura\u00e7\u00e3o patenteada, com aquecimento por meio de vapor, \u00e1gua quente, \u00f3leo t\u00e9rmico ou queima direta de g\u00e1s, largura de esteira de 2.900, 3.600, 4.200, 4.600, 4.800, 5.000, 5.200, 5.600 e 6.000 mm.<\/p>\n","protected":false},"featured_media":1892,"template":"","meta":[],"_links":{"self":[{"href":"https:\/\/www.fezer.com.br\/fezerEnglish\/wp-json\/wp\/v2\/product\/1888"}],"collection":[{"href":"https:\/\/www.fezer.com.br\/fezerEnglish\/wp-json\/wp\/v2\/product"}],"about":[{"href":"https:\/\/www.fezer.com.br\/fezerEnglish\/wp-json\/wp\/v2\/types\/product"}],"wp:featuredmedia":[{"embeddable":true,"href":"https:\/\/www.fezer.com.br\/fezerEnglish\/wp-json\/wp\/v2\/media\/1892"}],"wp:attachment":[{"href":"https:\/\/www.fezer.com.br\/fezerEnglish\/wp-json\/wp\/v2\/media?parent=1888"}],"curies":[{"name":"wp","href":"https:\/\/api.w.org\/{rel}","templated":true}]}}