{"id":2115,"date":"2019-03-01T16:04:45","date_gmt":"2019-03-01T19:04:45","guid":{"rendered":"http:\/\/www.fezer.com.br\/fezerEnglish\/?post_type=product&#038;p=2115"},"modified":"2019-03-01T16:04:57","modified_gmt":"2019-03-01T19:04:57","slug":"descascador-modelo-dt","status":"publish","type":"product","link":"https:\/\/www.fezer.com.br\/fezerEnglish\/produto\/descascador-modelo-dt\/","title":{"rendered":"Descascador modelo DT"},"content":{"rendered":"<p><iframe loading=\"lazy\" src=\"https:\/\/www.youtube.com\/embed\/eLz-NqMbgvo\" width=\"560\" height=\"315\" frameborder=\"0\" allowfullscreen=\"allowfullscreen\"><\/iframe><\/p>\n","protected":false},"excerpt":{"rendered":"<h3>Descascador modelo DT<\/h3>\n<p>Descascador modelo DT, cabe\u00e7ote descascador estacion\u00e1rio, carro porta-toras m\u00f3vel, para toras de 300 a 2.000 mm de di\u00e2metro, comprimento de tora vari\u00e1vel.<\/p>\n","protected":false},"featured_media":2118,"template":"","meta":[],"_links":{"self":[{"href":"https:\/\/www.fezer.com.br\/fezerEnglish\/wp-json\/wp\/v2\/product\/2115"}],"collection":[{"href":"https:\/\/www.fezer.com.br\/fezerEnglish\/wp-json\/wp\/v2\/product"}],"about":[{"href":"https:\/\/www.fezer.com.br\/fezerEnglish\/wp-json\/wp\/v2\/types\/product"}],"wp:featuredmedia":[{"embeddable":true,"href":"https:\/\/www.fezer.com.br\/fezerEnglish\/wp-json\/wp\/v2\/media\/2118"}],"wp:attachment":[{"href":"https:\/\/www.fezer.com.br\/fezerEnglish\/wp-json\/wp\/v2\/media?parent=2115"}],"curies":[{"name":"wp","href":"https:\/\/api.w.org\/{rel}","templated":true}]}}