{"id":2176,"date":"2019-03-01T16:20:17","date_gmt":"2019-03-01T19:20:17","guid":{"rendered":"http:\/\/www.fezer.com.br\/fezerEnglish\/?post_type=product&#038;p=2176"},"modified":"2019-03-01T16:20:17","modified_gmt":"2019-03-01T19:20:17","slug":"picador-rodochipper","status":"publish","type":"product","link":"https:\/\/www.fezer.com.br\/fezerEnglish\/produto\/picador-rodochipper\/","title":{"rendered":"Picador Rodochipper"},"content":{"rendered":"<p><iframe loading=\"lazy\" src=\"https:\/\/www.youtube.com\/embed\/ahug0tdOtj0\" width=\"560\" height=\"315\" frameborder=\"0\" allowfullscreen=\"allowfullscreen\"><\/iframe><\/p>\n","protected":false},"excerpt":{"rendered":"<h3>Picador Rodochipper<\/h3>\n<p>Picador Rodochipper \u00e9 montado sobre um semi-reboque rodovi\u00e1rio com chassi robusto e homologado pelo Detran para transporte em rodovia.<\/p>\n<p>Devido a suas dimens\u00f5es compactas, n\u00e3o excede medidas nem pesos legais sendo poss\u00edvel seu transporte em rodovia sem nenhuma licen\u00e7a especial. Pode ainda ser montado sobre reboque com quinta roda ou plataformas tipo roll-on.<\/p>\n<ul>\n<li>Montagem sobre semi-reboque (julieta), garante grande flexibilidade no transporte e mudan\u00e7as de \u00e1rea.<\/li>\n<li>Montagem sobre reboque com quinta roda puxada por cavalo mec\u00e2nico.<\/li>\n<\/ul>\n","protected":false},"featured_media":2178,"template":"","meta":[],"_links":{"self":[{"href":"https:\/\/www.fezer.com.br\/fezerEnglish\/wp-json\/wp\/v2\/product\/2176"}],"collection":[{"href":"https:\/\/www.fezer.com.br\/fezerEnglish\/wp-json\/wp\/v2\/product"}],"about":[{"href":"https:\/\/www.fezer.com.br\/fezerEnglish\/wp-json\/wp\/v2\/types\/product"}],"wp:featuredmedia":[{"embeddable":true,"href":"https:\/\/www.fezer.com.br\/fezerEnglish\/wp-json\/wp\/v2\/media\/2178"}],"wp:attachment":[{"href":"https:\/\/www.fezer.com.br\/fezerEnglish\/wp-json\/wp\/v2\/media?parent=2176"}],"curies":[{"name":"wp","href":"https:\/\/api.w.org\/{rel}","templated":true}]}}