{"id":2209,"date":"2019-03-01T16:30:20","date_gmt":"2019-03-01T19:30:20","guid":{"rendered":"http:\/\/www.fezer.com.br\/fezerEnglish\/?post_type=product&#038;p=2209"},"modified":"2019-03-01T16:30:20","modified_gmt":"2019-03-01T19:30:20","slug":"picador-florestal-modelo-pff","status":"publish","type":"product","link":"https:\/\/www.fezer.com.br\/fezerEnglish\/produto\/picador-florestal-modelo-pff\/","title":{"rendered":"Picador Florestal, Modelo PFF"},"content":{"rendered":"","protected":false},"excerpt":{"rendered":"<h3>Picador Florestal, Modelo PFF<\/h3>\n<p>Picador Florestal, modelo PFF. \u00c9 montado sobre um reboque florestal com chassi robusto e movimenta\u00e7\u00e3o puxada por trator. Conta com as mesmas caracter\u00edsticas construtivas e principais fun\u00e7\u00f5es dos picadores rodochipper e seu chassi florestal permite alcan\u00e7ar \u00e1reas de mais dif\u00edcil acesso.<\/p>\n","protected":false},"featured_media":2210,"template":"","meta":[],"_links":{"self":[{"href":"https:\/\/www.fezer.com.br\/fezerEnglish\/wp-json\/wp\/v2\/product\/2209"}],"collection":[{"href":"https:\/\/www.fezer.com.br\/fezerEnglish\/wp-json\/wp\/v2\/product"}],"about":[{"href":"https:\/\/www.fezer.com.br\/fezerEnglish\/wp-json\/wp\/v2\/types\/product"}],"wp:featuredmedia":[{"embeddable":true,"href":"https:\/\/www.fezer.com.br\/fezerEnglish\/wp-json\/wp\/v2\/media\/2210"}],"wp:attachment":[{"href":"https:\/\/www.fezer.com.br\/fezerEnglish\/wp-json\/wp\/v2\/media?parent=2209"}],"curies":[{"name":"wp","href":"https:\/\/api.w.org\/{rel}","templated":true}]}}