{"id":2332,"date":"2019-03-01T17:04:00","date_gmt":"2019-03-01T20:04:00","guid":{"rendered":"http:\/\/www.fezer.com.br\/fezerEnglish\/?post_type=product&#038;p=2332"},"modified":"2019-03-01T17:04:00","modified_gmt":"2019-03-01T20:04:00","slug":"serra-para-pacotes-de-madeira","status":"publish","type":"product","link":"https:\/\/www.fezer.com.br\/fezerEnglish\/produto\/serra-para-pacotes-de-madeira\/","title":{"rendered":"Serra para Pacotes de Madeira"},"content":{"rendered":"<ul>\n<li>Estrutura robusta<\/li>\n<li>Movimento do sabre por meio de guias lineares<\/li>\n<li>Apertador pneum\u00e1tico nos dois lados do sabre garantem que o pacote fique im\u00f3vel durante o corte<\/li>\n<li>Sistema de lubrifica\u00e7\u00e3o autom\u00e1tico<\/li>\n<li>Linha laser para indica\u00e7\u00e3o da posi\u00e7\u00e3o de corte<\/li>\n<li>Corte em medidas precisas<\/li>\n<li>Opera\u00e7\u00e3o totalmente autom\u00e1tica com avan\u00e7o e parada autom\u00e1tica na posi\u00e7\u00e3o de corte e possibilidade de programa\u00e7\u00e3o de medidas de corte<\/li>\n<li>Mesa de entrada opcional com alinhador de pacote<\/li>\n<li>Transportador de entrada lateral com opcional de alinhador dos topos dos pacotes<\/li>\n<li>Painel de comando de f\u00e1cil manuseio e possibilidade de programa\u00e7\u00e3o de par\u00e2metros de corte<\/li>\n<li>Corte com precis\u00e3o de mil\u00edmetro, por meio de posicionador CNC<\/li>\n<li>No inicio e fim do pacote os rolos de apoio abaixam para facilitar descarga dos destopos sobre correia de lixo.<\/li>\n<\/ul>\n<p><iframe loading=\"lazy\" src=\"https:\/\/www.youtube.com\/embed\/MoE4S-Y4unM\" width=\"560\" height=\"315\" frameborder=\"0\" allowfullscreen=\"allowfullscreen\"><\/iframe><\/p>\n","protected":false},"excerpt":{"rendered":"<h3>Serra para Pacotes de Madeira<\/h3>\n<p>Especialmente desenvolvidas para corte de pacotes de madeira, garantem alta capacidade de produ\u00e7\u00e3o e corte preciso atrav\u00e9s de uma serra de sabre.<\/p>\n","protected":false},"featured_media":2338,"template":"","meta":[],"_links":{"self":[{"href":"https:\/\/www.fezer.com.br\/fezerEnglish\/wp-json\/wp\/v2\/product\/2332"}],"collection":[{"href":"https:\/\/www.fezer.com.br\/fezerEnglish\/wp-json\/wp\/v2\/product"}],"about":[{"href":"https:\/\/www.fezer.com.br\/fezerEnglish\/wp-json\/wp\/v2\/types\/product"}],"wp:featuredmedia":[{"embeddable":true,"href":"https:\/\/www.fezer.com.br\/fezerEnglish\/wp-json\/wp\/v2\/media\/2338"}],"wp:attachment":[{"href":"https:\/\/www.fezer.com.br\/fezerEnglish\/wp-json\/wp\/v2\/media?parent=2332"}],"curies":[{"name":"wp","href":"https:\/\/api.w.org\/{rel}","templated":true}]}}